{"id":102,"date":"2020-03-06T18:33:31","date_gmt":"2020-03-06T17:33:31","guid":{"rendered":"http:\/\/127.0.0.1:10080\/wordpress\/?page_id=102"},"modified":"2025-11-13T18:50:32","modified_gmt":"2025-11-13T17:50:32","slug":"equipe-danimation-pastorale-2","status":"publish","type":"page","link":"https:\/\/paroissespentecotesaintpaul.ovh\/index.php\/paroisse-saint-paul-notre-dame-du-rosaire\/equipe-danimation-pastorale-2\/","title":{"rendered":""},"content":{"rendered":"\n<h3 class=\"wp-block-heading\">\u00c9quipe d&rsquo;Animation Pastorale (E.A.P)<\/h3>\n\n\n\n<p><strong>Dominique Brevet<\/strong> &#8211; Cur\u00e9 ; <strong>Luisa Chavez<\/strong> &#8211; Coordinatrice Pastorale Paroissiale ;                                                           <strong>Genevi\u00e8ve Bichon, Nathalie Martin, Dani Pernot<\/strong><\/p>\n\n\n\n<p><\/p>\n\n\n\n<h3 class=\"wp-block-heading\">Conseil Paroissial Missionnaire (C.P.M)<\/h3>\n\n\n\n<p> Des hommes et des femmes la\u00efcs \u00e9lus de nos deux paroisses se rencontrent environ quatre fois dans l&rsquo;ann\u00e9e. Des membres de droit font \u00e9galement partie de cette \u00e9quipe : le cur\u00e9, la coordinatrice pastorale paroissiale, un membre des affaires \u00e9conomiques paroissiales ainsi que des membres d\u00e9sign\u00e9s qui ont \u00e9t\u00e9 appel\u00e9s. C&rsquo;est un nouvel espace de dialogue, d&rsquo;\u00e9coute et de proposition au service de la communaut\u00e9.<\/p>\n\n\n\n<p>Le Conseil Pastoral Missionnaire est constitu\u00e9 de : <\/p>\n\n\n\n<ul>\n<li>Coll\u00e8ge <strong>Liturgie<\/strong> : Jean-No\u00ebl Bobi\u00e8re, Catherine Fresneau<\/li>\n\n\n\n<li>Coll\u00e8ge <strong>Fraternit\u00e9 <\/strong>: Marie-Fran\u00e7oise Santerre<\/li>\n\n\n\n<li>Coll\u00e8ge <strong>Communication<\/strong> : Olga Paris<\/li>\n\n\n\n<li>Coll\u00e8ge <strong>Grandir dans la Foi<\/strong> : Amarildo Dos Santos, Sila Henri, Rita Tano<\/li>\n\n\n\n<li>Coll\u00e8ge <strong>Vie de la paroisse<\/strong> : Louis Tano, Pascal Chevr\u00e9<\/li>\n\n\n\n<li>Coll\u00e8ge <strong>Mouvements <\/strong>: Fran\u00e7ois-Xavier Amy de la Chapelle, Sylvaine Guisseau<\/li>\n\n\n\n<li>Coll\u00e8ge <strong>Communaut\u00e9s religieuses<\/strong> : Soeur Arasi Anbu<\/li>\n<\/ul>\n\n\n\n<p><\/p>\n\n\n\n<p><\/p>\n\n\n\n<p><\/p>\n","protected":false},"excerpt":{"rendered":"<p>\u00c9quipe d&rsquo;Animation Pastorale (E.A.P) Dominique Brevet &#8211; Cur\u00e9 ; Luisa Chavez &#8211; Coordinatrice Pastorale Paroissiale ; Genevi\u00e8ve Bichon, Nathalie Martin, Dani Pernot Conseil Paroissial Missionnaire [&hellip;] <span class=\"read-more-link\"><a class=\"read-more\" href=\"https:\/\/paroissespentecotesaintpaul.ovh\/index.php\/paroisse-saint-paul-notre-dame-du-rosaire\/equipe-danimation-pastorale-2\/\">Read More<\/a><\/span><\/p>\n","protected":false},"author":1,"featured_media":0,"parent":88,"menu_order":3,"comment_status":"closed","ping_status":"closed","template":"","meta":{"_monsterinsights_skip_tracking":false,"_monsterinsights_sitenote_active":false,"_monsterinsights_sitenote_note":"","_monsterinsights_sitenote_category":0,"footnotes":""},"yoast_head":"<!-- This site is optimized with the Yoast SEO plugin v23.5 - https:\/\/yoast.com\/wordpress\/plugins\/seo\/ -->\n<title>- Paroisses de la Pentec\u00f4te et de Saint-Paul Notre-Dame du Rosaire<\/title>\n<meta name=\"robots\" content=\"index, follow, max-snippet:-1, max-image-preview:large, max-video-preview:-1\" \/>\n<link rel=\"canonical\" href=\"https:\/\/paroissespentecotesaintpaul.ovh\/index.php\/paroisse-saint-paul-notre-dame-du-rosaire\/equipe-danimation-pastorale-2\/\" \/>\n<meta property=\"og:locale\" content=\"fr_FR\" \/>\n<meta property=\"og:type\" content=\"article\" \/>\n<meta property=\"og:title\" content=\"- Paroisses de la Pentec\u00f4te et de Saint-Paul Notre-Dame du Rosaire\" \/>\n<meta property=\"og:description\" content=\"\u00c9quipe d&rsquo;Animation Pastorale (E.A.P) Dominique Brevet &#8211; Cur\u00e9 ; Luisa Chavez &#8211; Coordinatrice Pastorale Paroissiale ; Genevi\u00e8ve Bichon, Nathalie Martin, Dani Pernot Conseil Paroissial Missionnaire [&hellip;] Read More\" \/>\n<meta property=\"og:url\" content=\"https:\/\/paroissespentecotesaintpaul.ovh\/index.php\/paroisse-saint-paul-notre-dame-du-rosaire\/equipe-danimation-pastorale-2\/\" \/>\n<meta property=\"og:site_name\" content=\"Paroisses de la Pentec\u00f4te et de Saint-Paul Notre-Dame du Rosaire\" \/>\n<meta property=\"article:modified_time\" content=\"2025-11-13T17:50:32+00:00\" \/>\n<meta name=\"twitter:card\" content=\"summary_large_image\" \/>\n<meta name=\"twitter:label1\" content=\"Dur\u00e9e de lecture estim\u00e9e\" \/>\n\t<meta name=\"twitter:data1\" content=\"1 minute\" \/>\n<script type=\"application\/ld+json\" class=\"yoast-schema-graph\">{\"@context\":\"https:\/\/schema.org\",\"@graph\":[{\"@type\":\"WebPage\",\"@id\":\"https:\/\/paroissespentecotesaintpaul.ovh\/index.php\/paroisse-saint-paul-notre-dame-du-rosaire\/equipe-danimation-pastorale-2\/\",\"url\":\"https:\/\/paroissespentecotesaintpaul.ovh\/index.php\/paroisse-saint-paul-notre-dame-du-rosaire\/equipe-danimation-pastorale-2\/\",\"name\":\"- Paroisses de la Pentec\u00f4te et de Saint-Paul Notre-Dame du Rosaire\",\"isPartOf\":{\"@id\":\"https:\/\/paroissespentecotesaintpaul.ovh\/#website\"},\"datePublished\":\"2020-03-06T17:33:31+00:00\",\"dateModified\":\"2025-11-13T17:50:32+00:00\",\"breadcrumb\":{\"@id\":\"https:\/\/paroissespentecotesaintpaul.ovh\/index.php\/paroisse-saint-paul-notre-dame-du-rosaire\/equipe-danimation-pastorale-2\/#breadcrumb\"},\"inLanguage\":\"fr-FR\",\"potentialAction\":[{\"@type\":\"ReadAction\",\"target\":[\"https:\/\/paroissespentecotesaintpaul.ovh\/index.php\/paroisse-saint-paul-notre-dame-du-rosaire\/equipe-danimation-pastorale-2\/\"]}]},{\"@type\":\"BreadcrumbList\",\"@id\":\"https:\/\/paroissespentecotesaintpaul.ovh\/index.php\/paroisse-saint-paul-notre-dame-du-rosaire\/equipe-danimation-pastorale-2\/#breadcrumb\",\"itemListElement\":[{\"@type\":\"ListItem\",\"position\":1,\"name\":\"Home\",\"item\":\"https:\/\/paroissespentecotesaintpaul.ovh\/\"},{\"@type\":\"ListItem\",\"position\":2,\"name\":\"PAROISSE SAINT PAUL NOTRE DAME DU ROSAIRE\",\"item\":\"https:\/\/paroissespentecotesaintpaul.ovh\/index.php\/paroisse-saint-paul-notre-dame-du-rosaire\/\"}]},{\"@type\":\"WebSite\",\"@id\":\"https:\/\/paroissespentecotesaintpaul.ovh\/#website\",\"url\":\"https:\/\/paroissespentecotesaintpaul.ovh\/\",\"name\":\"Paroisses de la Pentec\u00f4te et de Saint-Paul Notre-Dame du Rosaire\",\"description\":\"Saint-Pierre -  Saint-Paul - Saint-Andr\u00e9 -  Notre-Dame des Ap\u00f4tres - Notre-Dame du Rosaire \",\"publisher\":{\"@id\":\"https:\/\/paroissespentecotesaintpaul.ovh\/#organization\"},\"potentialAction\":[{\"@type\":\"SearchAction\",\"target\":{\"@type\":\"EntryPoint\",\"urlTemplate\":\"https:\/\/paroissespentecotesaintpaul.ovh\/?s={search_term_string}\"},\"query-input\":{\"@type\":\"PropertyValueSpecification\",\"valueRequired\":true,\"valueName\":\"search_term_string\"}}],\"inLanguage\":\"fr-FR\"},{\"@type\":\"Organization\",\"@id\":\"https:\/\/paroissespentecotesaintpaul.ovh\/#organization\",\"name\":\"Paroisses de la Pentecote Saint-Paul Notre-Dame du Rosaire\",\"url\":\"https:\/\/paroissespentecotesaintpaul.ovh\/\",\"logo\":{\"@type\":\"ImageObject\",\"inLanguage\":\"fr-FR\",\"@id\":\"https:\/\/paroissespentecotesaintpaul.ovh\/#\/schema\/logo\/image\/\",\"url\":\"http:\/\/paroissespentecotesaintpaul.ovh\/wp-content\/uploads\/2020\/09\/logo-commun.png\",\"contentUrl\":\"http:\/\/paroissespentecotesaintpaul.ovh\/wp-content\/uploads\/2020\/09\/logo-commun.png\",\"width\":453,\"height\":235,\"caption\":\"Paroisses de la Pentecote Saint-Paul Notre-Dame du Rosaire\"},\"image\":{\"@id\":\"https:\/\/paroissespentecotesaintpaul.ovh\/#\/schema\/logo\/image\/\"}}]}<\/script>\n<!-- \/ Yoast SEO plugin. -->","yoast_head_json":{"title":"- Paroisses de la Pentec\u00f4te et de Saint-Paul Notre-Dame du Rosaire","robots":{"index":"index","follow":"follow","max-snippet":"max-snippet:-1","max-image-preview":"max-image-preview:large","max-video-preview":"max-video-preview:-1"},"canonical":"https:\/\/paroissespentecotesaintpaul.ovh\/index.php\/paroisse-saint-paul-notre-dame-du-rosaire\/equipe-danimation-pastorale-2\/","og_locale":"fr_FR","og_type":"article","og_title":"- Paroisses de la Pentec\u00f4te et de Saint-Paul Notre-Dame du Rosaire","og_description":"\u00c9quipe d&rsquo;Animation Pastorale (E.A.P) Dominique Brevet &#8211; Cur\u00e9 ; Luisa Chavez &#8211; Coordinatrice Pastorale Paroissiale ; Genevi\u00e8ve Bichon, Nathalie Martin, Dani Pernot Conseil Paroissial Missionnaire [&hellip;] Read More","og_url":"https:\/\/paroissespentecotesaintpaul.ovh\/index.php\/paroisse-saint-paul-notre-dame-du-rosaire\/equipe-danimation-pastorale-2\/","og_site_name":"Paroisses de la Pentec\u00f4te et de Saint-Paul Notre-Dame du Rosaire","article_modified_time":"2025-11-13T17:50:32+00:00","twitter_card":"summary_large_image","twitter_misc":{"Dur\u00e9e de lecture estim\u00e9e":"1 minute"},"schema":{"@context":"https:\/\/schema.org","@graph":[{"@type":"WebPage","@id":"https:\/\/paroissespentecotesaintpaul.ovh\/index.php\/paroisse-saint-paul-notre-dame-du-rosaire\/equipe-danimation-pastorale-2\/","url":"https:\/\/paroissespentecotesaintpaul.ovh\/index.php\/paroisse-saint-paul-notre-dame-du-rosaire\/equipe-danimation-pastorale-2\/","name":"- Paroisses de la Pentec\u00f4te et de Saint-Paul Notre-Dame du Rosaire","isPartOf":{"@id":"https:\/\/paroissespentecotesaintpaul.ovh\/#website"},"datePublished":"2020-03-06T17:33:31+00:00","dateModified":"2025-11-13T17:50:32+00:00","breadcrumb":{"@id":"https:\/\/paroissespentecotesaintpaul.ovh\/index.php\/paroisse-saint-paul-notre-dame-du-rosaire\/equipe-danimation-pastorale-2\/#breadcrumb"},"inLanguage":"fr-FR","potentialAction":[{"@type":"ReadAction","target":["https:\/\/paroissespentecotesaintpaul.ovh\/index.php\/paroisse-saint-paul-notre-dame-du-rosaire\/equipe-danimation-pastorale-2\/"]}]},{"@type":"BreadcrumbList","@id":"https:\/\/paroissespentecotesaintpaul.ovh\/index.php\/paroisse-saint-paul-notre-dame-du-rosaire\/equipe-danimation-pastorale-2\/#breadcrumb","itemListElement":[{"@type":"ListItem","position":1,"name":"Home","item":"https:\/\/paroissespentecotesaintpaul.ovh\/"},{"@type":"ListItem","position":2,"name":"PAROISSE SAINT PAUL NOTRE DAME DU ROSAIRE","item":"https:\/\/paroissespentecotesaintpaul.ovh\/index.php\/paroisse-saint-paul-notre-dame-du-rosaire\/"}]},{"@type":"WebSite","@id":"https:\/\/paroissespentecotesaintpaul.ovh\/#website","url":"https:\/\/paroissespentecotesaintpaul.ovh\/","name":"Paroisses de la Pentec\u00f4te et de Saint-Paul Notre-Dame du Rosaire","description":"Saint-Pierre -  Saint-Paul - Saint-Andr\u00e9 -  Notre-Dame des Ap\u00f4tres - Notre-Dame du Rosaire ","publisher":{"@id":"https:\/\/paroissespentecotesaintpaul.ovh\/#organization"},"potentialAction":[{"@type":"SearchAction","target":{"@type":"EntryPoint","urlTemplate":"https:\/\/paroissespentecotesaintpaul.ovh\/?s={search_term_string}"},"query-input":{"@type":"PropertyValueSpecification","valueRequired":true,"valueName":"search_term_string"}}],"inLanguage":"fr-FR"},{"@type":"Organization","@id":"https:\/\/paroissespentecotesaintpaul.ovh\/#organization","name":"Paroisses de la Pentecote Saint-Paul Notre-Dame du Rosaire","url":"https:\/\/paroissespentecotesaintpaul.ovh\/","logo":{"@type":"ImageObject","inLanguage":"fr-FR","@id":"https:\/\/paroissespentecotesaintpaul.ovh\/#\/schema\/logo\/image\/","url":"http:\/\/paroissespentecotesaintpaul.ovh\/wp-content\/uploads\/2020\/09\/logo-commun.png","contentUrl":"http:\/\/paroissespentecotesaintpaul.ovh\/wp-content\/uploads\/2020\/09\/logo-commun.png","width":453,"height":235,"caption":"Paroisses de la Pentecote Saint-Paul Notre-Dame du Rosaire"},"image":{"@id":"https:\/\/paroissespentecotesaintpaul.ovh\/#\/schema\/logo\/image\/"}}]}},"_links":{"self":[{"href":"https:\/\/paroissespentecotesaintpaul.ovh\/index.php\/wp-json\/wp\/v2\/pages\/102"}],"collection":[{"href":"https:\/\/paroissespentecotesaintpaul.ovh\/index.php\/wp-json\/wp\/v2\/pages"}],"about":[{"href":"https:\/\/paroissespentecotesaintpaul.ovh\/index.php\/wp-json\/wp\/v2\/types\/page"}],"author":[{"embeddable":true,"href":"https:\/\/paroissespentecotesaintpaul.ovh\/index.php\/wp-json\/wp\/v2\/users\/1"}],"replies":[{"embeddable":true,"href":"https:\/\/paroissespentecotesaintpaul.ovh\/index.php\/wp-json\/wp\/v2\/comments?post=102"}],"version-history":[{"count":12,"href":"https:\/\/paroissespentecotesaintpaul.ovh\/index.php\/wp-json\/wp\/v2\/pages\/102\/revisions"}],"predecessor-version":[{"id":4517,"href":"https:\/\/paroissespentecotesaintpaul.ovh\/index.php\/wp-json\/wp\/v2\/pages\/102\/revisions\/4517"}],"up":[{"embeddable":true,"href":"https:\/\/paroissespentecotesaintpaul.ovh\/index.php\/wp-json\/wp\/v2\/pages\/88"}],"wp:attachment":[{"href":"https:\/\/paroissespentecotesaintpaul.ovh\/index.php\/wp-json\/wp\/v2\/media?parent=102"}],"curies":[{"name":"wp","href":"https:\/\/api.w.org\/{rel}","templated":true}]}}