{"id":2486,"date":"2020-08-16T16:08:00","date_gmt":"2020-08-16T14:08:00","guid":{"rendered":"http:\/\/127.0.0.1:10080\/wordpress\/?page_id=85"},"modified":"2025-12-12T16:08:57","modified_gmt":"2025-12-12T15:08:57","slug":"equipe-animation-paroissiale","status":"publish","type":"page","link":"https:\/\/paroissespentecotesaintpaul.ovh\/","title":{"rendered":""},"content":{"rendered":"\n<h2 class=\"wp-block-heading\"><strong>L&rsquo;Equipe d&rsquo;Animation Paroissiale <\/strong>(E.A.P)<\/h2>\n\n\n\n<p>Dominique Brevet, cur\u00e9<\/p>\n\n\n\n<p><span style=\"font-size: inherit;\">Luisa Chavez, coordinatrice  pastorale paroissiale<\/span><\/p>\n\n\n\n<p>Genevi\u00e8ve Bichon, Nathalie Martin, Dani Pernot<\/p>\n\n\n\n<p><\/p>\n\n\n\n<p><\/p>\n\n\n\n<h2 class=\"wp-block-heading\"><strong>Le Conseil Paroissial Missionnaire (C.P.P)<\/strong><\/h2>\n\n\n\n<p>Des femmes et des hommes la\u00efcs \u00e9lus de la paroisse se rencontrent environ quatre fois dans l&rsquo;ann\u00e9e.<\/p>\n\n\n\n<p>Cette \u00e9quipe est \u00e9galement compos\u00e9e par des membres de droit : le cur\u00e9, la coordinatrice pastorale paroissiale, un membre des Affaires Economiques des deux paroisses (C.A.E.P) et des membres d\u00e9sign\u00e9s qui ont \u00e9t\u00e9 appel\u00e9s. <\/p>\n\n\n\n<p><\/p>\n\n\n\n<p> Dans un esprit de synodalit\u00e9, ils sont associ\u00e9s \u00e0 la  conduite de   la communaut\u00e9 paroissiale qui est d&rsquo;enseigner, sanctifier et  gouverner la paroisse. <\/p>\n\n\n\n<p><\/p>\n\n\n\n<p><strong>Le Conseil Pastoral Missionnaire<\/strong> est constitu\u00e9 de : <\/p>\n\n\n\n<p>Coll\u00e8ge Liturgie : Jean-No\u00ebl Bobi\u00e8re et Catherine Fresneau.                                                           <\/p>\n\n\n\n<p>Coll\u00e8ge Fraternit\u00e9 : Marie-Fran\u00e7oise Santerre<\/p>\n\n\n\n<p>Coll\u00e8ge Communication : Olga Paris<\/p>\n\n\n\n<p>Coll\u00e8ge Grandir dans la Foi : Amarildo Dos Santos, Silia Henri, Rita Tano<\/p>\n\n\n\n<p>Coll\u00e8ge Vie de la paroisse : Louis Tano, Pascal Chevr\u00e9, Patrick Le Forestier<\/p>\n\n\n\n<p>Coll\u00e8ge Mouvements : Fran\u00e7ois-Xavier Amy de la Chapelle, Sylvaine Guisseau<\/p>\n\n\n\n<p>Coll\u00e8ge Communaut\u00e9s religieuses : S\u0153ur Arasi Anbu<\/p>\n\n\n\n<p>La\u00efques appel\u00e9es : Marie-Jeanne Chevalier, Vanina Biaggi<\/p>\n\n\n\n<p><\/p>\n","protected":false},"excerpt":{"rendered":"<p>L&rsquo;Equipe d&rsquo;Animation Paroissiale (E.A.P) Dominique Brevet, cur\u00e9 Luisa Chavez, coordinatrice pastorale paroissiale Genevi\u00e8ve Bichon, Nathalie Martin, Dani Pernot Le Conseil Paroissial Missionnaire (C.P.P) Des femmes [&hellip;] <span class=\"read-more-link\"><a class=\"read-more\" href=\"https:\/\/paroissespentecotesaintpaul.ovh\/\">Read More<\/a><\/span><\/p>\n","protected":false},"author":1,"featured_media":0,"parent":71,"menu_order":4,"comment_status":"closed","ping_status":"closed","template":"","meta":{"_monsterinsights_skip_tracking":false,"_monsterinsights_sitenote_active":false,"_monsterinsights_sitenote_note":"","_monsterinsights_sitenote_category":0,"footnotes":""},"yoast_head":"<!-- This site is optimized with the Yoast SEO plugin v23.5 - https:\/\/yoast.com\/wordpress\/plugins\/seo\/ -->\n<title>- Paroisses de la Pentec\u00f4te et de Saint-Paul Notre-Dame du Rosaire<\/title>\n<meta name=\"robots\" content=\"index, follow, max-snippet:-1, max-image-preview:large, max-video-preview:-1\" \/>\n<link rel=\"canonical\" href=\"https:\/\/paroissespentecotesaintpaul.ovh\/\" \/>\n<meta property=\"og:locale\" content=\"fr_FR\" \/>\n<meta property=\"og:type\" content=\"article\" \/>\n<meta property=\"og:title\" content=\"- Paroisses de la Pentec\u00f4te et de Saint-Paul Notre-Dame du Rosaire\" \/>\n<meta property=\"og:description\" content=\"L&rsquo;Equipe d&rsquo;Animation Paroissiale (E.A.P) Dominique Brevet, cur\u00e9 Luisa Chavez, coordinatrice pastorale paroissiale Genevi\u00e8ve Bichon, Nathalie Martin, Dani Pernot Le Conseil Paroissial Missionnaire (C.P.P) Des femmes [&hellip;] Read More\" \/>\n<meta property=\"og:url\" content=\"https:\/\/paroissespentecotesaintpaul.ovh\/\" \/>\n<meta property=\"og:site_name\" content=\"Paroisses de la Pentec\u00f4te et de Saint-Paul Notre-Dame du Rosaire\" \/>\n<meta property=\"article:modified_time\" content=\"2025-12-12T15:08:57+00:00\" \/>\n<meta name=\"twitter:card\" content=\"summary_large_image\" \/>\n<meta name=\"twitter:label1\" content=\"Dur\u00e9e de lecture estim\u00e9e\" \/>\n\t<meta name=\"twitter:data1\" content=\"1 minute\" \/>\n<script type=\"application\/ld+json\" class=\"yoast-schema-graph\">{\"@context\":\"https:\/\/schema.org\",\"@graph\":[{\"@type\":\"WebPage\",\"@id\":\"https:\/\/paroissespentecotesaintpaul.ovh\/\",\"url\":\"https:\/\/paroissespentecotesaintpaul.ovh\/\",\"name\":\"- Paroisses de la Pentec\u00f4te et de Saint-Paul Notre-Dame du Rosaire\",\"isPartOf\":{\"@id\":\"https:\/\/paroissespentecotesaintpaul.ovh\/#website\"},\"datePublished\":\"2020-08-16T14:08:00+00:00\",\"dateModified\":\"2025-12-12T15:08:57+00:00\",\"breadcrumb\":{\"@id\":\"https:\/\/paroissespentecotesaintpaul.ovh\/#breadcrumb\"},\"inLanguage\":\"fr-FR\",\"potentialAction\":[{\"@type\":\"ReadAction\",\"target\":[\"https:\/\/paroissespentecotesaintpaul.ovh\/\"]}]},{\"@type\":\"BreadcrumbList\",\"@id\":\"https:\/\/paroissespentecotesaintpaul.ovh\/#breadcrumb\",\"itemListElement\":[{\"@type\":\"ListItem\",\"position\":1,\"name\":\"Home\",\"item\":\"https:\/\/paroissespentecotesaintpaul.ovh\/\"},{\"@type\":\"ListItem\",\"position\":2,\"name\":\"PAROISSE DE LA PENTECOTE\",\"item\":\"https:\/\/paroissespentecotesaintpaul.ovh\/index.php\/paroisse-de-la-pentecote\/\"}]},{\"@type\":\"WebSite\",\"@id\":\"https:\/\/paroissespentecotesaintpaul.ovh\/#website\",\"url\":\"https:\/\/paroissespentecotesaintpaul.ovh\/\",\"name\":\"Paroisses de la Pentec\u00f4te et de Saint-Paul Notre-Dame du Rosaire\",\"description\":\"Saint-Pierre -  Saint-Paul - Saint-Andr\u00e9 -  Notre-Dame des Ap\u00f4tres - Notre-Dame du Rosaire \",\"publisher\":{\"@id\":\"https:\/\/paroissespentecotesaintpaul.ovh\/#organization\"},\"potentialAction\":[{\"@type\":\"SearchAction\",\"target\":{\"@type\":\"EntryPoint\",\"urlTemplate\":\"https:\/\/paroissespentecotesaintpaul.ovh\/?s={search_term_string}\"},\"query-input\":{\"@type\":\"PropertyValueSpecification\",\"valueRequired\":true,\"valueName\":\"search_term_string\"}}],\"inLanguage\":\"fr-FR\"},{\"@type\":\"Organization\",\"@id\":\"https:\/\/paroissespentecotesaintpaul.ovh\/#organization\",\"name\":\"Paroisses de la Pentecote Saint-Paul Notre-Dame du Rosaire\",\"url\":\"https:\/\/paroissespentecotesaintpaul.ovh\/\",\"logo\":{\"@type\":\"ImageObject\",\"inLanguage\":\"fr-FR\",\"@id\":\"https:\/\/paroissespentecotesaintpaul.ovh\/#\/schema\/logo\/image\/\",\"url\":\"http:\/\/paroissespentecotesaintpaul.ovh\/wp-content\/uploads\/2020\/09\/logo-commun.png\",\"contentUrl\":\"http:\/\/paroissespentecotesaintpaul.ovh\/wp-content\/uploads\/2020\/09\/logo-commun.png\",\"width\":453,\"height\":235,\"caption\":\"Paroisses de la Pentecote Saint-Paul Notre-Dame du Rosaire\"},\"image\":{\"@id\":\"https:\/\/paroissespentecotesaintpaul.ovh\/#\/schema\/logo\/image\/\"}}]}<\/script>\n<!-- \/ Yoast SEO plugin. -->","yoast_head_json":{"title":"- Paroisses de la Pentec\u00f4te et de Saint-Paul Notre-Dame du Rosaire","robots":{"index":"index","follow":"follow","max-snippet":"max-snippet:-1","max-image-preview":"max-image-preview:large","max-video-preview":"max-video-preview:-1"},"canonical":"https:\/\/paroissespentecotesaintpaul.ovh\/","og_locale":"fr_FR","og_type":"article","og_title":"- Paroisses de la Pentec\u00f4te et de Saint-Paul Notre-Dame du Rosaire","og_description":"L&rsquo;Equipe d&rsquo;Animation Paroissiale (E.A.P) Dominique Brevet, cur\u00e9 Luisa Chavez, coordinatrice pastorale paroissiale Genevi\u00e8ve Bichon, Nathalie Martin, Dani Pernot Le Conseil Paroissial Missionnaire (C.P.P) Des femmes [&hellip;] Read More","og_url":"https:\/\/paroissespentecotesaintpaul.ovh\/","og_site_name":"Paroisses de la Pentec\u00f4te et de Saint-Paul Notre-Dame du Rosaire","article_modified_time":"2025-12-12T15:08:57+00:00","twitter_card":"summary_large_image","twitter_misc":{"Dur\u00e9e de lecture estim\u00e9e":"1 minute"},"schema":{"@context":"https:\/\/schema.org","@graph":[{"@type":"WebPage","@id":"https:\/\/paroissespentecotesaintpaul.ovh\/","url":"https:\/\/paroissespentecotesaintpaul.ovh\/","name":"- Paroisses de la Pentec\u00f4te et de Saint-Paul Notre-Dame du Rosaire","isPartOf":{"@id":"https:\/\/paroissespentecotesaintpaul.ovh\/#website"},"datePublished":"2020-08-16T14:08:00+00:00","dateModified":"2025-12-12T15:08:57+00:00","breadcrumb":{"@id":"https:\/\/paroissespentecotesaintpaul.ovh\/#breadcrumb"},"inLanguage":"fr-FR","potentialAction":[{"@type":"ReadAction","target":["https:\/\/paroissespentecotesaintpaul.ovh\/"]}]},{"@type":"BreadcrumbList","@id":"https:\/\/paroissespentecotesaintpaul.ovh\/#breadcrumb","itemListElement":[{"@type":"ListItem","position":1,"name":"Home","item":"https:\/\/paroissespentecotesaintpaul.ovh\/"},{"@type":"ListItem","position":2,"name":"PAROISSE DE LA PENTECOTE","item":"https:\/\/paroissespentecotesaintpaul.ovh\/index.php\/paroisse-de-la-pentecote\/"}]},{"@type":"WebSite","@id":"https:\/\/paroissespentecotesaintpaul.ovh\/#website","url":"https:\/\/paroissespentecotesaintpaul.ovh\/","name":"Paroisses de la Pentec\u00f4te et de Saint-Paul Notre-Dame du Rosaire","description":"Saint-Pierre -  Saint-Paul - Saint-Andr\u00e9 -  Notre-Dame des Ap\u00f4tres - Notre-Dame du Rosaire ","publisher":{"@id":"https:\/\/paroissespentecotesaintpaul.ovh\/#organization"},"potentialAction":[{"@type":"SearchAction","target":{"@type":"EntryPoint","urlTemplate":"https:\/\/paroissespentecotesaintpaul.ovh\/?s={search_term_string}"},"query-input":{"@type":"PropertyValueSpecification","valueRequired":true,"valueName":"search_term_string"}}],"inLanguage":"fr-FR"},{"@type":"Organization","@id":"https:\/\/paroissespentecotesaintpaul.ovh\/#organization","name":"Paroisses de la Pentecote Saint-Paul Notre-Dame du Rosaire","url":"https:\/\/paroissespentecotesaintpaul.ovh\/","logo":{"@type":"ImageObject","inLanguage":"fr-FR","@id":"https:\/\/paroissespentecotesaintpaul.ovh\/#\/schema\/logo\/image\/","url":"http:\/\/paroissespentecotesaintpaul.ovh\/wp-content\/uploads\/2020\/09\/logo-commun.png","contentUrl":"http:\/\/paroissespentecotesaintpaul.ovh\/wp-content\/uploads\/2020\/09\/logo-commun.png","width":453,"height":235,"caption":"Paroisses de la Pentecote Saint-Paul Notre-Dame du Rosaire"},"image":{"@id":"https:\/\/paroissespentecotesaintpaul.ovh\/#\/schema\/logo\/image\/"}}]}},"_links":{"self":[{"href":"https:\/\/paroissespentecotesaintpaul.ovh\/index.php\/wp-json\/wp\/v2\/pages\/2486"}],"collection":[{"href":"https:\/\/paroissespentecotesaintpaul.ovh\/index.php\/wp-json\/wp\/v2\/pages"}],"about":[{"href":"https:\/\/paroissespentecotesaintpaul.ovh\/index.php\/wp-json\/wp\/v2\/types\/page"}],"author":[{"embeddable":true,"href":"https:\/\/paroissespentecotesaintpaul.ovh\/index.php\/wp-json\/wp\/v2\/users\/1"}],"replies":[{"embeddable":true,"href":"https:\/\/paroissespentecotesaintpaul.ovh\/index.php\/wp-json\/wp\/v2\/comments?post=2486"}],"version-history":[{"count":27,"href":"https:\/\/paroissespentecotesaintpaul.ovh\/index.php\/wp-json\/wp\/v2\/pages\/2486\/revisions"}],"predecessor-version":[{"id":4577,"href":"https:\/\/paroissespentecotesaintpaul.ovh\/index.php\/wp-json\/wp\/v2\/pages\/2486\/revisions\/4577"}],"up":[{"embeddable":true,"href":"https:\/\/paroissespentecotesaintpaul.ovh\/index.php\/wp-json\/wp\/v2\/pages\/71"}],"wp:attachment":[{"href":"https:\/\/paroissespentecotesaintpaul.ovh\/index.php\/wp-json\/wp\/v2\/media?parent=2486"}],"curies":[{"name":"wp","href":"https:\/\/api.w.org\/{rel}","templated":true}]}}